{"id":7147,"date":"2026-02-25T13:48:58","date_gmt":"2026-02-25T13:48:58","guid":{"rendered":"https:\/\/saxumconstructora.com\/saxum2023\/?page_id=7147"},"modified":"2026-03-20T13:52:12","modified_gmt":"2026-03-20T13:52:12","slug":"altum2","status":"publish","type":"page","link":"https:\/\/saxumconstructora.com\/saxum2023\/altum2\/","title":{"rendered":"altum2"},"content":{"rendered":"\t\t<div data-elementor-type=\"wp-page\" data-elementor-id=\"7147\" class=\"elementor elementor-7147\">\n\t\t\t\t<div class=\"elementor-element elementor-element-588e916e hero e-flex e-con-boxed e-con e-parent\" data-id=\"588e916e\" data-element_type=\"container\" data-e-type=\"container\" data-settings=\"{&quot;background_background&quot;:&quot;classic&quot;}\">\n\t\t\t\t\t<div class=\"e-con-inner\">\n\t\t\t\t<div class=\"elementor-element elementor-element-3fc57d78 elementor-widget elementor-widget-heading\" data-id=\"3fc57d78\" data-element_type=\"widget\" data-e-type=\"widget\" data-widget_type=\"heading.default\">\n\t\t\t\t<div class=\"elementor-widget-container\">\n\t\t\t\t\t<h2 class=\"elementor-heading-title elementor-size-default\">Altum<\/h2>\t\t\t\t<\/div>\n\t\t\t\t<\/div>\n\t\t\t\t<div class=\"elementor-element elementor-element-6d20189c elementor-widget-mobile__width-initial elementor-widget elementor-widget-text-editor\" data-id=\"6d20189c\" data-element_type=\"widget\" data-e-type=\"widget\" data-widget_type=\"text-editor.default\">\n\t\t\t\t<div class=\"elementor-widget-container\">\n\t\t\t\t\t\t\t\t\t<p><span style=\"font-weight: 400;\"><strong>Av.Gral Roca (s) 546<\/strong> &#8211; Santiago del Estero<\/span><\/p>\t\t\t\t\t\t\t\t<\/div>\n\t\t\t\t<\/div>\n\t\t\t\t\t<\/div>\n\t\t\t\t<\/div>\n\t\t<div class=\"elementor-element elementor-element-17d11483 e-flex e-con-boxed e-con e-parent\" data-id=\"17d11483\" data-element_type=\"container\" data-e-type=\"container\" data-settings=\"{&quot;background_background&quot;:&quot;classic&quot;}\">\n\t\t\t\t\t<div class=\"e-con-inner\">\n\t\t\t\t<div class=\"elementor-element elementor-element-557794aa elementor-widget elementor-widget-heading\" data-id=\"557794aa\" data-element_type=\"widget\" data-e-type=\"widget\" data-widget_type=\"heading.default\">\n\t\t\t\t<div class=\"elementor-widget-container\">\n\t\t\t\t\t<h2 class=\"elementor-heading-title elementor-size-default\">A la <strong>altura<\/strong> de tus sue\u00f1os<\/h2>\t\t\t\t<\/div>\n\t\t\t\t<\/div>\n\t\t\t\t\t<\/div>\n\t\t\t\t<\/div>\n\t\t<div class=\"elementor-element elementor-element-45d41469 e-flex e-con-boxed e-con e-parent\" data-id=\"45d41469\" data-element_type=\"container\" data-e-type=\"container\">\n\t\t\t\t\t<div class=\"e-con-inner\">\n\t\t<div class=\"elementor-element elementor-element-5756f5cf e-con-full e-flex elementor-invisible e-con e-child\" data-id=\"5756f5cf\" data-element_type=\"container\" data-e-type=\"container\" data-settings=\"{&quot;background_background&quot;:&quot;classic&quot;,&quot;animation&quot;:&quot;fadeInUp&quot;,&quot;animation_delay&quot;:400}\">\n\t\t\t\t<\/div>\n\t\t<div class=\"elementor-element elementor-element-24c08589 e-con-full e-flex e-con e-child\" data-id=\"24c08589\" data-element_type=\"container\" data-e-type=\"container\">\n\t\t\t\t<div class=\"elementor-element elementor-element-4adb152c elementor-widget elementor-widget-text-editor\" data-id=\"4adb152c\" data-element_type=\"widget\" data-e-type=\"widget\" data-widget_type=\"text-editor.default\">\n\t\t\t\t<div class=\"elementor-widget-container\">\n\t\t\t\t\t\t\t\t\t<p><span style=\"font-weight: 400;\">Edificio Residencial<\/span><\/p>\t\t\t\t\t\t\t\t<\/div>\n\t\t\t\t<\/div>\n\t\t\t\t<div class=\"elementor-element elementor-element-6949031e elementor-widget elementor-widget-heading\" data-id=\"6949031e\" data-element_type=\"widget\" data-e-type=\"widget\" data-widget_type=\"heading.default\">\n\t\t\t\t<div class=\"elementor-widget-container\">\n\t\t\t\t\t<h2 class=\"elementor-heading-title elementor-size-default\">ALTUM<\/h2>\t\t\t\t<\/div>\n\t\t\t\t<\/div>\n\t\t\t\t<div class=\"elementor-element elementor-element-1df93a91 elementor-widget elementor-widget-spacer\" data-id=\"1df93a91\" data-element_type=\"widget\" data-e-type=\"widget\" data-widget_type=\"spacer.default\">\n\t\t\t\t<div class=\"elementor-widget-container\">\n\t\t\t\t\t\t\t<div class=\"elementor-spacer\">\n\t\t\t<div class=\"elementor-spacer-inner\"><\/div>\n\t\t<\/div>\n\t\t\t\t\t\t<\/div>\n\t\t\t\t<\/div>\n\t\t\t\t<div class=\"elementor-element elementor-element-344130c6 elementor-widget elementor-widget-text-editor\" data-id=\"344130c6\" data-element_type=\"widget\" data-e-type=\"widget\" data-widget_type=\"text-editor.default\">\n\t\t\t\t<div class=\"elementor-widget-container\">\n\t\t\t\t\t\t\t\t\t<p>Situado en pleno barrio centro, a metros de Av. Roca, en una zona residencial con mucho crecimiento. Cercano a numerosos bares y caf\u00e9s, y\u00a0a una cuadra del principal pulm\u00f3n verde de la ciudad. El edificio cuenta con un moderno hall de acceso, locales comerciales ubicados en planta baja, 8 pisos de departamentos, y cocheras en subsuelo. Entre sus Amenities ofrece espacios verdes, una pileta descubierta en terraza para disfrutar del aire libre con vista a la ciudad y al parque,\u00a0junto a\u00a0dos quinchos completamente equipados con asador y mobiliario.<\/p>\t\t\t\t\t\t\t\t<\/div>\n\t\t\t\t<\/div>\n\t\t\t\t<div class=\"elementor-element elementor-element-5c6109d2 elementor-widget elementor-widget-spacer\" data-id=\"5c6109d2\" data-element_type=\"widget\" data-e-type=\"widget\" data-widget_type=\"spacer.default\">\n\t\t\t\t<div class=\"elementor-widget-container\">\n\t\t\t\t\t\t\t<div class=\"elementor-spacer\">\n\t\t\t<div class=\"elementor-spacer-inner\"><\/div>\n\t\t<\/div>\n\t\t\t\t\t\t<\/div>\n\t\t\t\t<\/div>\n\t\t\t\t<div class=\"elementor-element elementor-element-5445bcf1 elementor-widget elementor-widget-text-editor\" data-id=\"5445bcf1\" data-element_type=\"widget\" data-e-type=\"widget\" data-widget_type=\"text-editor.default\">\n\t\t\t\t<div class=\"elementor-widget-container\">\n\t\t\t\t\t\t\t\t\t<p><span style=\"font-weight: 400;\"><strong>Av.Gral Roca (s) 546 &#8211;<\/strong>\u00a0Santiago del Estero<\/span><\/p>\t\t\t\t\t\t\t\t<\/div>\n\t\t\t\t<\/div>\n\t\t\t\t<\/div>\n\t\t\t\t\t<\/div>\n\t\t\t\t<\/div>\n\t\t<div class=\"elementor-element elementor-element-333818d6 elementor-hidden-mobile e-flex e-con-boxed e-con e-parent\" data-id=\"333818d6\" data-element_type=\"container\" data-e-type=\"container\" data-settings=\"{&quot;background_background&quot;:&quot;classic&quot;}\">\n\t\t\t\t\t<div class=\"e-con-inner\">\n\t\t\t\t\t<\/div>\n\t\t\t\t<\/div>\n\t\t<div class=\"elementor-element elementor-element-61792478 e-flex e-con-boxed e-con e-parent\" data-id=\"61792478\" data-element_type=\"container\" data-e-type=\"container\" data-settings=\"{&quot;background_background&quot;:&quot;classic&quot;}\">\n\t\t\t\t\t<div class=\"e-con-inner\">\n\t\t\t\t<div class=\"elementor-element elementor-element-373c9d1 elementor-widget elementor-widget-text-editor\" data-id=\"373c9d1\" data-element_type=\"widget\" data-e-type=\"widget\" data-widget_type=\"text-editor.default\">\n\t\t\t\t<div class=\"elementor-widget-container\">\n\t\t\t\t\t\t\t\t\t<p>AMENITES<\/p>\t\t\t\t\t\t\t\t<\/div>\n\t\t\t\t<\/div>\n\t\t\t\t<div class=\"elementor-element elementor-element-23209d7f elementor-widget elementor-widget-heading\" data-id=\"23209d7f\" data-element_type=\"widget\" data-e-type=\"widget\" data-widget_type=\"heading.default\">\n\t\t\t\t<div class=\"elementor-widget-container\">\n\t\t\t\t\t<h2 class=\"elementor-heading-title elementor-size-default\">CONOCE ALTUM<\/h2>\t\t\t\t<\/div>\n\t\t\t\t<\/div>\n\t\t\t\t<div class=\"elementor-element elementor-element-29930e94 elementor-widget elementor-widget-spacer\" data-id=\"29930e94\" data-element_type=\"widget\" data-e-type=\"widget\" data-widget_type=\"spacer.default\">\n\t\t\t\t<div class=\"elementor-widget-container\">\n\t\t\t\t\t\t\t<div class=\"elementor-spacer\">\n\t\t\t<div class=\"elementor-spacer-inner\"><\/div>\n\t\t<\/div>\n\t\t\t\t\t\t<\/div>\n\t\t\t\t<\/div>\n\t\t\t\t\t<\/div>\n\t\t\t\t<\/div>\n\t\t<div class=\"elementor-element elementor-element-6cd5ba54 e-con-full e-flex e-con e-parent\" data-id=\"6cd5ba54\" data-element_type=\"container\" data-e-type=\"container\" data-settings=\"{&quot;background_background&quot;:&quot;slideshow&quot;,&quot;background_slideshow_slide_duration&quot;:4000,&quot;background_slideshow_slide_transition&quot;:&quot;slide_left&quot;,&quot;background_slideshow_gallery&quot;:[],&quot;background_slideshow_loop&quot;:&quot;yes&quot;,&quot;background_slideshow_transition_duration&quot;:500}\">\n\t\t<div class=\"elementor-element elementor-element-d731d9c e-con-full hero-slider e-flex e-con e-child\" data-id=\"d731d9c\" data-element_type=\"container\" data-e-type=\"container\" data-settings=\"{&quot;background_background&quot;:&quot;slideshow&quot;,&quot;background_slideshow_gallery&quot;:[{&quot;id&quot;:6766,&quot;url&quot;:&quot;https:\\\/\\\/saxumconstructora.com\\\/saxum2023\\\/wp-content\\\/uploads\\\/2026\\\/02\\\/sin-titulo-40_processed-scaled.jpg&quot;},{&quot;id&quot;:6765,&quot;url&quot;:&quot;https:\\\/\\\/saxumconstructora.com\\\/saxum2023\\\/wp-content\\\/uploads\\\/2026\\\/02\\\/sin-titulo-49_processed-scaled.jpg&quot;},{&quot;id&quot;:6760,&quot;url&quot;:&quot;https:\\\/\\\/saxumconstructora.com\\\/saxum2023\\\/wp-content\\\/uploads\\\/2026\\\/02\\\/sin-titulo-139_processed-scaled.jpg&quot;},{&quot;id&quot;:6758,&quot;url&quot;:&quot;https:\\\/\\\/saxumconstructora.com\\\/saxum2023\\\/wp-content\\\/uploads\\\/2026\\\/02\\\/sin-titulo-65_processed-scaled.jpg&quot;},{&quot;id&quot;:6759,&quot;url&quot;:&quot;https:\\\/\\\/saxumconstructora.com\\\/saxum2023\\\/wp-content\\\/uploads\\\/2026\\\/02\\\/sin-titulo-156_processed-scaled.jpg&quot;},{&quot;id&quot;:6762,&quot;url&quot;:&quot;https:\\\/\\\/saxumconstructora.com\\\/saxum2023\\\/wp-content\\\/uploads\\\/2026\\\/02\\\/sin-titulo-54_processed-scaled.jpg&quot;}],&quot;background_slideshow_slide_duration&quot;:4000,&quot;background_slideshow_slide_transition&quot;:&quot;slide_left&quot;,&quot;background_slideshow_transition_duration&quot;:400,&quot;background_slideshow_loop&quot;:&quot;yes&quot;}\">\n\t\t\t\t<div class=\"elementor-element elementor-element-78a45dd elementor-widget elementor-widget-html\" data-id=\"78a45dd\" data-element_type=\"widget\" data-e-type=\"widget\" data-widget_type=\"html.default\">\n\t\t\t\t<div class=\"elementor-widget-container\">\n\t\t\t\t\t<div class=\"hero-arrows\">\n  <div class=\"hero-prev\">&#10094;<\/div>\n  <div class=\"hero-next\">&#10095;<\/div>\n<\/div>\n\n<script>\ndocument.addEventListener(\"DOMContentLoaded\", function(){\n\nsetTimeout(function(){\n\nlet swiper = document.querySelector(\".hero-slider .swiper\");\n\nif(swiper && swiper.swiper){\n\ndocument.querySelector(\".hero-next\").onclick = function(){\nswiper.swiper.slideNext();\n}\n\ndocument.querySelector(\".hero-prev\").onclick = function(){\nswiper.swiper.slidePrev();\n}\n\n}\n\n},500);\n\n});\n<\/script>\t\t\t\t<\/div>\n\t\t\t\t<\/div>\n\t\t\t\t<\/div>\n\t\t\t\t<\/div>\n\t\t<div class=\"elementor-element elementor-element-59dedd2b e-flex e-con-boxed e-con e-parent\" data-id=\"59dedd2b\" data-element_type=\"container\" data-e-type=\"container\" data-settings=\"{&quot;background_background&quot;:&quot;classic&quot;}\">\n\t\t\t\t\t<div class=\"e-con-inner\">\n\t\t<div class=\"elementor-element elementor-element-6c28c80 e-con-full e-flex e-con e-child\" data-id=\"6c28c80\" data-element_type=\"container\" data-e-type=\"container\">\n\t\t\t\t<div class=\"elementor-element elementor-element-4d4ca7ea elementor-widget elementor-widget-text-editor\" data-id=\"4d4ca7ea\" data-element_type=\"widget\" data-e-type=\"widget\" data-widget_type=\"text-editor.default\">\n\t\t\t\t<div class=\"elementor-widget-container\">\n\t\t\t\t\t\t\t\t\t<p><span style=\"font-weight: 400;\"><strong>Hall<\/strong> de acceso jerarquizado en doble altura, con estudiada iluminaci\u00f3n.<\/span><\/p><p><span style=\"font-weight: 400;\"><strong>Quincho<\/strong> cerrado equipado con aire acondicionado, mobiliario, asador, kitchenette y ba\u00f1o.<\/span><\/p><p><span style=\"font-weight: 400;\"><strong>Quincho<\/strong> abierto equipado con mobiliario, asador y ba\u00f1o.<\/span><\/p>\t\t\t\t\t\t\t\t<\/div>\n\t\t\t\t<\/div>\n\t\t\t\t<\/div>\n\t\t<div class=\"elementor-element elementor-element-224a22fb e-con-full e-flex e-con e-child\" data-id=\"224a22fb\" data-element_type=\"container\" data-e-type=\"container\">\n\t\t\t\t<div class=\"elementor-element elementor-element-3f7d9459 elementor-widget elementor-widget-text-editor\" data-id=\"3f7d9459\" data-element_type=\"widget\" data-e-type=\"widget\" data-widget_type=\"text-editor.default\">\n\t\t\t\t<div class=\"elementor-widget-container\">\n\t\t\t\t\t\t\t\t\t<p><span style=\"font-weight: 400;\">Espacio verde en <strong>terraza<\/strong>, con pileta y sol\u00e1rium.<\/span><\/p><p><span style=\"font-weight: 400;\"><strong>Playroom<\/strong> para los m\u00e1s peque\u00f1os.<\/span><\/p>\t\t\t\t\t\t\t\t<\/div>\n\t\t\t\t<\/div>\n\t\t\t\t<\/div>\n\t\t\t\t\t<\/div>\n\t\t\t\t<\/div>\n\t\t<div class=\"elementor-element elementor-element-1defa0e e-flex e-con-boxed e-con e-parent\" data-id=\"1defa0e\" data-element_type=\"container\" data-e-type=\"container\">\n\t\t\t\t\t<div class=\"e-con-inner\">\n\t\t<div class=\"elementor-element elementor-element-66438b14 e-con-full e-flex e-con e-child\" data-id=\"66438b14\" data-element_type=\"container\" data-e-type=\"container\">\n\t\t\t\t<div class=\"elementor-element elementor-element-549141b7 elementor-widget elementor-widget-heading\" data-id=\"549141b7\" data-element_type=\"widget\" data-e-type=\"widget\" data-widget_type=\"heading.default\">\n\t\t\t\t<div class=\"elementor-widget-container\">\n\t\t\t\t\t<h2 class=\"elementor-heading-title elementor-size-default\">CALIDAD EN CADA DETALLE<\/h2>\t\t\t\t<\/div>\n\t\t\t\t<\/div>\n\t\t\t\t<div class=\"elementor-element elementor-element-225e7e5b elementor-widget elementor-widget-spacer\" data-id=\"225e7e5b\" data-element_type=\"widget\" data-e-type=\"widget\" data-widget_type=\"spacer.default\">\n\t\t\t\t<div class=\"elementor-widget-container\">\n\t\t\t\t\t\t\t<div class=\"elementor-spacer\">\n\t\t\t<div class=\"elementor-spacer-inner\"><\/div>\n\t\t<\/div>\n\t\t\t\t\t\t<\/div>\n\t\t\t\t<\/div>\n\t\t\t\t<div class=\"elementor-element elementor-element-19cfe4ab elementor-widget elementor-widget-text-editor\" data-id=\"19cfe4ab\" data-element_type=\"widget\" data-e-type=\"widget\" data-widget_type=\"text-editor.default\">\n\t\t\t\t<div class=\"elementor-widget-container\">\n\t\t\t\t\t\t\t\t\t<p>Terminaciones<\/p>\t\t\t\t\t\t\t\t<\/div>\n\t\t\t\t<\/div>\n\t\t\t\t<div class=\"elementor-element elementor-element-27deb469 elementor-widget elementor-widget-text-editor\" data-id=\"27deb469\" data-element_type=\"widget\" data-e-type=\"widget\" data-widget_type=\"text-editor.default\">\n\t\t\t\t<div class=\"elementor-widget-container\">\n\t\t\t\t\t\t\t\t\t<p data-start=\"0\" data-end=\"413\">Altum propone unidades dise\u00f1adas para el confort y la funcionalidad, con terminaciones de alta calidad y materiales cuidadosamente seleccionados. Sus interiores combinan carpinter\u00edas de alto rendimiento, pisos de porcelanato y equipamiento moderno que garantiza durabilidad y eficiencia en el uso diario. Cada ambiente est\u00e1 pensado para ofrecer practicidad, est\u00e9tica contempor\u00e1nea y un excelente nivel de confort.<\/p><p data-start=\"415\" data-end=\"834\" data-is-last-node=\"\" data-is-only-node=\"\">El edificio se complementa con espacios comunes de dise\u00f1o, accesos jerarquizados y cocheras con sistemas automatizados que aportan comodidad y seguridad. Incorpora soluciones tecnol\u00f3gicas para control, prevenci\u00f3n y eficiencia en las instalaciones, junto con \u00e1reas exteriores equipadas y ambientadas para el disfrute cotidiano. Altum integra calidad constructiva, seguridad y bienestar en un entorno residencial moderno.<\/p>\t\t\t\t\t\t\t\t<\/div>\n\t\t\t\t<\/div>\n\t\t\t\t<\/div>\n\t\t<div class=\"elementor-element elementor-element-1a7e93cb e-con-full elementor-hidden-mobile e-flex e-con e-child\" data-id=\"1a7e93cb\" data-element_type=\"container\" data-e-type=\"container\" data-settings=\"{&quot;background_background&quot;:&quot;classic&quot;}\">\n\t\t\t\t<\/div>\n\t\t\t\t\t<\/div>\n\t\t\t\t<\/div>\n\t\t<div class=\"elementor-element elementor-element-1b07c90b e-con-full e-flex e-con e-parent\" data-id=\"1b07c90b\" data-element_type=\"container\" data-e-type=\"container\" data-settings=\"{&quot;background_background&quot;:&quot;classic&quot;}\">\n\t\t<div class=\"elementor-element elementor-element-40952b18 e-con-full e-flex e-con e-child\" data-id=\"40952b18\" data-element_type=\"container\" data-e-type=\"container\" data-settings=\"{&quot;background_background&quot;:&quot;classic&quot;}\">\n\t\t\t\t<div class=\"elementor-element elementor-element-3a989f0a elementor-widget elementor-widget-heading\" data-id=\"3a989f0a\" data-element_type=\"widget\" data-e-type=\"widget\" data-widget_type=\"heading.default\">\n\t\t\t\t<div class=\"elementor-widget-container\">\n\t\t\t\t\t<h2 class=\"elementor-heading-title elementor-size-default\">UNIDADES DISPONIBLES<\/h2>\t\t\t\t<\/div>\n\t\t\t\t<\/div>\n\t\t\t\t<div class=\"elementor-element elementor-element-7276c33e elementor-widget elementor-widget-text-editor\" data-id=\"7276c33e\" data-element_type=\"widget\" data-e-type=\"widget\" data-widget_type=\"text-editor.default\">\n\t\t\t\t<div class=\"elementor-widget-container\">\n\t\t\t\t\t\t\t\t\t<p>para m\u00e1s<\/p><p>informaci\u00f3n<\/p>\t\t\t\t\t\t\t\t<\/div>\n\t\t\t\t<\/div>\n\t\t\t\t<div class=\"elementor-element elementor-element-55faf843 elementor-widget elementor-widget-spacer\" data-id=\"55faf843\" data-element_type=\"widget\" data-e-type=\"widget\" data-widget_type=\"spacer.default\">\n\t\t\t\t<div class=\"elementor-widget-container\">\n\t\t\t\t\t\t\t<div class=\"elementor-spacer\">\n\t\t\t<div class=\"elementor-spacer-inner\"><\/div>\n\t\t<\/div>\n\t\t\t\t\t\t<\/div>\n\t\t\t\t<\/div>\n\t\t\t\t<div class=\"elementor-element elementor-element-45a80831 elementor-widget elementor-widget-button\" data-id=\"45a80831\" data-element_type=\"widget\" data-e-type=\"widget\" data-widget_type=\"button.default\">\n\t\t\t\t<div class=\"elementor-widget-container\">\n\t\t\t\t\t\t\t\t\t<div class=\"elementor-button-wrapper\">\n\t\t\t\t\t<a class=\"elementor-button elementor-button-link elementor-size-sm\" href=\"https:\/\/saxumconstructora.com\/saxum2023\/contact-us\/\">\n\t\t\t\t\t\t<span class=\"elementor-button-content-wrapper\">\n\t\t\t\t\t\t\t\t\t<span class=\"elementor-button-text\">Contactarnos<\/span>\n\t\t\t\t\t<\/span>\n\t\t\t\t\t<\/a>\n\t\t\t\t<\/div>\n\t\t\t\t\t\t\t\t<\/div>\n\t\t\t\t<\/div>\n\t\t\t\t<\/div>\n\t\t\t\t<\/div>\n\t\t<div class=\"elementor-element elementor-element-5e6426f5 e-con-full e-flex e-con e-parent\" data-id=\"5e6426f5\" data-element_type=\"container\" data-e-type=\"container\" data-settings=\"{&quot;background_background&quot;:&quot;classic&quot;}\">\n\t\t<div class=\"elementor-element elementor-element-4232ca75 e-con-full e-flex e-con e-child\" data-id=\"4232ca75\" data-element_type=\"container\" data-e-type=\"container\">\n\t\t\t\t<div class=\"elementor-element elementor-element-3308da46 elementor-widget elementor-widget-heading\" data-id=\"3308da46\" data-element_type=\"widget\" data-e-type=\"widget\" data-widget_type=\"heading.default\">\n\t\t\t\t<div class=\"elementor-widget-container\">\n\t\t\t\t\t<h2 class=\"elementor-heading-title elementor-size-default\">SEGUIR EXPLORANDO<br><strong>SAXUM<\/strong><\/h2>\t\t\t\t<\/div>\n\t\t\t\t<\/div>\n\t\t<div class=\"elementor-element elementor-element-336a0a1f e-con-full e-flex e-con e-child\" data-id=\"336a0a1f\" data-element_type=\"container\" data-e-type=\"container\">\n\t\t\t\t<div class=\"elementor-element elementor-element-a95be47 elementor-widget elementor-widget-button\" data-id=\"a95be47\" data-element_type=\"widget\" data-e-type=\"widget\" data-widget_type=\"button.default\">\n\t\t\t\t<div class=\"elementor-widget-container\">\n\t\t\t\t\t\t\t\t\t<div class=\"elementor-button-wrapper\">\n\t\t\t\t\t<a class=\"elementor-button elementor-button-link elementor-size-sm\" href=\"https:\/\/saxumconstructora.com\/saxum2023\/\">\n\t\t\t\t\t\t<span class=\"elementor-button-content-wrapper\">\n\t\t\t\t\t\t<span class=\"elementor-button-icon\">\n\t\t\t\t<i aria-hidden=\"true\" class=\"fas fa-arrow-circle-left\"><\/i>\t\t\t<\/span>\n\t\t\t\t\t\t\t\t\t<span class=\"elementor-button-text\">volver al principio<\/span>\n\t\t\t\t\t<\/span>\n\t\t\t\t\t<\/a>\n\t\t\t\t<\/div>\n\t\t\t\t\t\t\t\t<\/div>\n\t\t\t\t<\/div>\n\t\t\t\t<div class=\"elementor-element elementor-element-3968ae68 elementor-widget elementor-widget-button\" data-id=\"3968ae68\" data-element_type=\"widget\" data-e-type=\"widget\" data-widget_type=\"button.default\">\n\t\t\t\t<div class=\"elementor-widget-container\">\n\t\t\t\t\t\t\t\t\t<div class=\"elementor-button-wrapper\">\n\t\t\t\t\t<a class=\"elementor-button elementor-button-link elementor-size-sm\" href=\"https:\/\/saxumconstructora.com\/saxum2023\/projects\/\">\n\t\t\t\t\t\t<span class=\"elementor-button-content-wrapper\">\n\t\t\t\t\t\t\t\t\t<span class=\"elementor-button-text\">Ir a proyectos<\/span>\n\t\t\t\t\t<\/span>\n\t\t\t\t\t<\/a>\n\t\t\t\t<\/div>\n\t\t\t\t\t\t\t\t<\/div>\n\t\t\t\t<\/div>\n\t\t\t\t<\/div>\n\t\t\t\t<\/div>\n\t\t<a class=\"elementor-element elementor-element-68bc67f3 e-con-full e-flex e-con e-child\" data-id=\"68bc67f3\" data-element_type=\"container\" data-e-type=\"container\" data-settings=\"{&quot;background_background&quot;:&quot;classic&quot;}\" href=\"https:\/\/saxumconstructora.com\/saxum2023\/genetrix\/\">\n\t\t\t\t<div class=\"elementor-element elementor-element-740c86b7 elementor-widget elementor-widget-heading\" data-id=\"740c86b7\" data-element_type=\"widget\" data-e-type=\"widget\" data-widget_type=\"heading.default\">\n\t\t\t\t<div class=\"elementor-widget-container\">\n\t\t\t\t\t<h2 class=\"elementor-heading-title elementor-size-default\">Siguiente <strong>proyecto<\/h2>\t\t\t\t<\/div>\n\t\t\t\t<\/div>\n\t\t\t\t<\/a>\n\t\t\t\t<\/div>\n\t\t\t\t<\/div>\n\t\t","protected":false},"excerpt":{"rendered":"<p>Altum Av.Gral Roca (s) 546 &#8211; Santiago del Estero A la altura de tus sue\u00f1os Edificio Residencial ALTUM Situado en [&hellip;]<\/p>\n","protected":false},"author":1,"featured_media":0,"parent":0,"menu_order":0,"comment_status":"closed","ping_status":"closed","template":"","meta":{"_acf_changed":false,"site-sidebar-layout":"no-sidebar","site-content-layout":"page-builder","ast-site-content-layout":"full-width-container","site-content-style":"default","site-sidebar-style":"default","ast-global-header-display":"","ast-banner-title-visibility":"","ast-main-header-display":"","ast-hfb-above-header-display":"","ast-hfb-below-header-display":"","ast-hfb-mobile-header-display":"","site-post-title":"disabled","ast-breadcrumbs-content":"","ast-featured-img":"disabled","footer-sml-layout":"","ast-disable-related-posts":"","theme-transparent-header-meta":"","adv-header-id-meta":"","stick-header-meta":"","header-above-stick-meta":"","header-main-stick-meta":"","header-below-stick-meta":"","astra-migrate-meta-layouts":"set","ast-page-background-enabled":"default","ast-page-background-meta":{"desktop":{"background-color":"","background-image":"","background-repeat":"repeat","background-position":"center center","background-size":"auto","background-attachment":"scroll","background-type":"","background-media":"","overlay-type":"","overlay-color":"","overlay-opacity":"","overlay-gradient":""},"tablet":{"background-color":"","background-image":"","background-repeat":"repeat","background-position":"center center","background-size":"auto","background-attachment":"scroll","background-type":"","background-media":"","overlay-type":"","overlay-color":"","overlay-opacity":"","overlay-gradient":""},"mobile":{"background-color":"","background-image":"","background-repeat":"repeat","background-position":"center center","background-size":"auto","background-attachment":"scroll","background-type":"","background-media":"","overlay-type":"","overlay-color":"","overlay-opacity":"","overlay-gradient":""}},"ast-content-background-meta":{"desktop":{"background-color":"var(--ast-global-color-5)","background-image":"","background-repeat":"repeat","background-position":"center center","background-size":"auto","background-attachment":"scroll","background-type":"","background-media":"","overlay-type":"","overlay-color":"","overlay-opacity":"","overlay-gradient":""},"tablet":{"background-color":"var(--ast-global-color-5)","background-image":"","background-repeat":"repeat","background-position":"center center","background-size":"auto","background-attachment":"scroll","background-type":"","background-media":"","overlay-type":"","overlay-color":"","overlay-opacity":"","overlay-gradient":""},"mobile":{"background-color":"var(--ast-global-color-5)","background-image":"","background-repeat":"repeat","background-position":"center center","background-size":"auto","background-attachment":"scroll","background-type":"","background-media":"","overlay-type":"","overlay-color":"","overlay-opacity":"","overlay-gradient":""}},"footnotes":""},"class_list":["post-7147","page","type-page","status-publish","hentry"],"acf":[],"_links":{"self":[{"href":"https:\/\/saxumconstructora.com\/saxum2023\/wp-json\/wp\/v2\/pages\/7147","targetHints":{"allow":["GET"]}}],"collection":[{"href":"https:\/\/saxumconstructora.com\/saxum2023\/wp-json\/wp\/v2\/pages"}],"about":[{"href":"https:\/\/saxumconstructora.com\/saxum2023\/wp-json\/wp\/v2\/types\/page"}],"author":[{"embeddable":true,"href":"https:\/\/saxumconstructora.com\/saxum2023\/wp-json\/wp\/v2\/users\/1"}],"replies":[{"embeddable":true,"href":"https:\/\/saxumconstructora.com\/saxum2023\/wp-json\/wp\/v2\/comments?post=7147"}],"version-history":[{"count":46,"href":"https:\/\/saxumconstructora.com\/saxum2023\/wp-json\/wp\/v2\/pages\/7147\/revisions"}],"predecessor-version":[{"id":7906,"href":"https:\/\/saxumconstructora.com\/saxum2023\/wp-json\/wp\/v2\/pages\/7147\/revisions\/7906"}],"wp:attachment":[{"href":"https:\/\/saxumconstructora.com\/saxum2023\/wp-json\/wp\/v2\/media?parent=7147"}],"curies":[{"name":"wp","href":"https:\/\/api.w.org\/{rel}","templated":true}]}}